ase 6, what is 321 - 4?
313
In base 8, what is -4 - 3035?
-3041
In base 2, what is -100 + 1010011?
1001111
In base 5, what is 10 - 24030?
-24020
In base 14, what is -3 - -18b4?
18b1
In base 5, what is -10 + -1224?
-1234
In base 9, what is 1 + -5707?
-5706
In base 10, what is 392 - 5?
387
In base 8, what is 14 - -5?
21
In base 10, what is 4 - 60?
-56
In base 4, what is -10 + 3310?
3300
In base 3, what is -1 + -100012020?
-100012021
In base 5, what is 1 + 4342?
4343
In base 5, what is -224202 + 0?
-224202
In base 8, what is 401 + -5?
374
In base 15, what is -264a + -4?
-264e
In base 5, what is -11 + -4410?
-4421
In base 12, what is 1 - 2a6?
-2a5
In base 8, what is 24 + 14?
40
In base 12, what is -4 - 1514?
-1518
In base 15, what is -2 + 22?
20
In base 5, what is -3343 - 1?
-3344
In base 4, what is -3 - -1131132?
1131123
In base 15, what is -a7 - -1c?
-8a
In base 11, what is -3 + -60?
-63
In base 2, what is 100 - 10000?
-1100
In base 13, what is 1 - -212?
213
In base 11, what is -47 - 7?
-53
In base 3, what is -222220 - 2?
-222222
In base 6, what is -323 - -5?
-314
In base 7, what is -4 - 344?
-351
In base 2, what is -100 + -1000100?
-1001000
In base 9, what is 7 - 2?
5
In base 12, what is 2a - -5?
33
In base 7, what is 65 + 1005?
1103
In base 7, what is -11 - 16?
-30
In base 8, what is -1 + -1221?
-1222
In base 2, what is 110 + -110001000?
-110000010
In base 11, what is 256 + 3?
259
In base 10, what is 0 - 163?
-163
In base 2, what is 10000 + -11?
1101
In base 15, what is -2 - -229?
227
In base 8, what is -36 - 453?
-511
In base 6, what is -45 - 250?
-335
In base 12, what is 0 - -a6b?
a6b
In base 6, what is -1523 - -12?
-1511
In base 8, what is 11 + -34?
-23
In base 2, what is -10110111011 + 111?
-10110110100
In base 9, what is 304 - -2?
306
In base 8, what is 10 + -125?
-115
In base 9, what is -7 + -3?
-11
In base 7, what is -5 - 206?
-214
In base 10, what is -1194 + 5?
-1189
In base 13, what is 1 - -1?
2
In base 7, what is 113 - -31?
144
In base 12, what is -121 - -5?
-118
In base 5, what is 11322 - -1?
11323
In base 3, what is -21010 + 12?
-20221
In base 10, what is 22 - -533?
555
In base 14, what is -32 + 0?
-32
In base 4, what is -1222111 + 10?
-1222101
In base 2, what is 100100 - 1111111?
-1011011
In base 2, what is 1 - 101010?
-101001
In base 12, what is 2 + 3772?
3774
In base 2, what is -101010100 - 100?
-101011000
In base 15, what is -1b + -4?
-20
In base 5, what is 3210 + -1?
3204
In base 3, what is -12 - -10021?
10002
In base 4, what is 20032 + 13?
20111
In base 8, what is -1374 + 4?
-1370
In base 16, what is -115b + 4?
-1157
In base 4, what is -332 - 1113?
-2111
In base 10, what is -5 + -104?
-109
In base 8, what is -560 + -2?
-562
In base 16, what is 0 - d?
-d
In base 12, what is 3 + 60?
63
In base 3, what is -210 - 102111?
-110021
In base 14, what is 4 + -1a0?
-19a
In base 3, what is 0 + 11001110?
11001110
In base 8, what is 32 + 261?
313
In base 9, what is -146 - -23?
-123
In base 10, what is 63 - 8?
55
In base 11, what is -7 + 140?
134
In base 10, what is -124 + -2?
-126
In base 3, what is -22201 + 22?
-22102
In base 13, what is 5b6 + -3?
5b3
In base 13, what is -67 + -cb?
-165
In base 3, what is -20 - 21222121?
-21222211
In base 3, what is -10 + 10222?
10212
In base 15, what is 9 - -114?
11d
In base 3, what is 10021 + -1?
10020
In base 9, what is -2 + -1232?
-1234
In base 3, what is -2111021 + -10?
-2111101
In base 2, what is -1 + 101110010011?
101110010010
In base 2, what is -111 - -1?
-110
In base 16, what is -8f - -1b?
-74
In base 9, what is 11 - -560?
571
In base 7, what is -26 + -14?
-43
In base 12, what is 3 + 3?
6
In base 14, what is -2 - 16?
-18
In base 11, what is 0 + 2a0?
2a0
In base 9, what is 1 - -135?
136
In base 2, what is -1100111 + 11?
-1100100
In base 9, what is 564 + -8?
555
In base 8, what is -11 - 1?
-12
In base 7, what is -46 + 2?
-44
In base 7, what is 24442 + -3?
24436
In base 14, what is 5 + 386?
38b
In base 15, what is -1a - -8?
-12
In base 7, what is 452 - -3?
455
In base 9, what is -5 + -327?
-333
In base 4, what is -200 + -111?
-311
In base 2, what is 10 + 1111?
10001
In base 2, what is 0 + 11101?
11101
In base 2, what is -11 - -101100110?
101100011
In base 10, what is 2 + 60?
62
In base 5, what is 3 - -140100?
140103
In base 10, what is -723 + 0?
-723
In base 11, what is 0 + -91?
-91
In base 2, what is 1110 - 101111?
-100001
In base 8, what is 23 + -4?
17
In base 12, what is 6b61 + -1?
6b60
In base 10, what is 6 - -218?
224
In base 6, what is -55 + 5?
-50
In base 12, what is 1 - 2b?
-2a
In base 9, what is -165 - -4?
-161
In base 13, what is 197 - 0?
197
In base 4, what is 132 - -2010?
2202
In base 2, what is 100 - -100010100100?
100010101000
In base 9, what is 52 - -117?
170
In base 16, what is 5 - -8?
d
In base 7, what is 1 - 42?
-41
In base 13, what is a1b + -3?
a18
In base 6, what is 3 + -144?
-141
In base 9, what is -2 + 1?
-1
In base 14, what is -90b + 1?
-90a
In base 3, what is -21 - -110001?
102210
In base 10, what is -10 + 31?
21
In base 14, what is -1 - 95?
-96
In base 11, what is -5 + 4213?
4209
In base 2, what is 100010 - -110110001?
111010011
In base 13, what is c5 - -3?
c8
In base 5, what is 41030 + 3?
41033
In base 3, what is 0 - -20201?
20201
In base 6, what is 11500 - -2?
11502
In base 16, what is 4 + 13f?
143
In base 8, what is -5 - 41?
-46
In base 6, what is -514 - 24?
-542
In base 3, what is -2102210 - -11?
-2102122
In base 8, what is 3 - -526?
531
In base 15, what is -adad - -4?
-ada9
In base 9, what is -24715 - 2?
-24717
In base 12, what is 4553 - -3?
4556
In base 7, what is -3 + 2?
-1
In base 11, what is 56 - -3?
59
In base 11, what is -149 + 5?
-144
In base 9, what is 576 + 0?
576
In base 10, what is 4 - -35?
39
In base 13, what is -10 + -15?
-25
In base 15, what is 7 - dc?
-d5
In base 8, what is 14520 - -2?
14522
In base 2, what is 10001 + 1110011?
10000100
In base 2, what is -1000000 - -1001?
-110111
In base 2, what is -1101100 + 101?
-1100111
In base 14, what is -24a + -1?
-24b
In base 13, what is -1 - 134?
-135
In base 5, what is -3 - 13102?
-13110
In base 11, what is 0 - 154?
-154
In base 9, what is -75 + 12?
-63
In base 10, what is -1851 + -1?
-1852
In base 16, what is 8 - e?
-6
In base 8, what is -4 - -3102?
3076
In base 13, what is 50 - -a?
5a
In base 14, what is 3724 - -4?
3728
In base 11, what is -1 + 1572?
1571
In base 8, what is -103 + 4?
-77
In base 6, what is 1213 - -3?
1220
In base 14, what is -3 + 1bb?
1b8
In base 5, what is -122 + 22?
-100
In base 8, what is 6 + -4745?
-4737
In base 14, what is -b + 19?
c
In base 2, what is -10 + -10011110001?
-10011110011
In base 8, what is -16 + 1014?
776
In base 9, what is 101 + 1?
102
In base 10, what is 101 - -1?
102
In base 4, what is 1303 - 32?
1211
In base 6, what is 30 - 5?
21
In base 12, what is 39a9 - -4?
39b1
In base 13, what is 1c + 1?
20
In base 12, what is -4 - -3?
-1
In base 5, what is 340422 + 10?
340432
In base 5, what is 33432 - 10?
33422
In base 9, what is -2 - 1145?
-1147
In base 6, what is -22 - 112?
-134
In base 3, what is 1 - 1011?
-1010
In base 4, what is 20 - -2333?
3013
In base 14, what is 9 - 24?
-19
In base 2, what is -100 - -10110110?
10110010
In base 10, what is 0 - 13?
-13
In base 14, what is 33b + 2?
33d
In base 3, what is 0 + 2122?
2122
In base 3, what is 100 + 1010?
1110
In base 14, what is c1b + 0?
c1b
In base 6, what is -10 + 21353?
21343
In base 2, what is 101100 - -110011?
1011111
In base 9, what is 6 - 137?
-131
In base 16, what is 27 - -5?
2c
In base 16, what is 1 - 5d9?
-5d8
In base 12, what is 1 - -694?
695
In base 2, what is -110 + -1010?
-10000
In base 12, what is -4 + -106?
-10a
In base 14, what is 0 + 3?
3
In base 10, what is 3 - 1868?
-1865
In base 15, what is -1 - 1cb?
-1cc
In base 9, what is -34 + -5?
-40
In base 5, what is 2 - 10?
-3
In base 15, what is 101 + 11?
112
In base 2, what is -101 - 100001100?
-100010001
In base 8, what is -135 - 5?
-142
In base 9, what is -3 - 6555?
-6558
In base 12, what is -30 + -30?
-60
In base 4, what is -10 + -31131?
-31201
In base 6, what is -1002 + 0?
-1002
In base 15, what is -2 + 26b?
269
In base 8, what is 2 - -220?
222
In base 3, what is 11 - 2111000?
-2110212
In base 14, what is 5 - -25a2?
25a7
In base 5, what is 323 - -134?
1012
In 